2135 and s.
35
Let u(n) = n**2 - 7*n + 8. Let y be u(7). Suppose -y*t - 301 = -15*t. What is the greatest common factor of t and 301?
43
Let c be 4/(-22) - 140/(-44). Let v be (c + -1)*(3 - -93). Let y(j) = -j**2 - 11*j + 24. Let o be y(0). Calculate the greatest common divisor of o and v.
24
Let c(x) = -10*x + 63. Let b be c(6). Suppose 52 = b*g + 34. What is the greatest common divisor of g and 66?
6
Let u be 29/(-290) + 180411/910 + 4/(-26). Calculate the highest common factor of u and 8217.
99
Let h be 2 + 6/(-2) + -4. Let i = h - -80. Suppose -70*q + i*q - 10 = 0. Calculate the highest common factor of q and 2.
2
Let d be 21/9*42 - (-1 - -1). What is the greatest common divisor of 112 and d?
14
Let t = -11369 - -11405. Suppose 0 = 3*i - i + 4*v - 408, 1020 = 5*i + 5*v. Calculate the highest common divisor of i and t.
12
Suppose -13*w - 10680 = -13766 - 24292. Calculate the highest common divisor of 216 and w.
54
Let j(b) = 7*b + 27. Let c be j(0). Let y = c + -24. Suppose -y*f + 5 = 5*z - 8, 2*f - 2 = 0. Calculate the highest common divisor of 10 and z.
2
Let r(w) be the second derivative of -6*w + 1/6*w**4 - 7*w**2 + 0 - 7/2*w**3. Let d be r(16). What is the greatest common divisor of d and 18?
18
Let t = 238 + -210. Suppose -6*j = -t - 26. Let d(x) = 17*x - 4. Let o be d(5). Calculate the highest common factor of j and o.
9
Let d(h) = 1533*h - 2981. Let z be d(2). What is the greatest common factor of z and 150?
5
Let u be 3/(-2) + ((-9)/(-2) - 1). Let b be ((2 - 3) + u + 4)/1. Let h = 5 + b. Calculate the highest common factor of h and 2.
2
Let v be (-176)/(-8) + 2/1. Let s = 958 - 926. Calculate the highest common divisor of s and v.
8
Suppose 2*i + 3 = -f, 5*i = -13*f + 11*f - 9. Calculate the greatest common divisor of 1845 and f.
3
Suppose -7*g + 9*g - 20140 = 9108. Calculate the greatest common factor of g and 32.
32
Let z(t) = 129*t - 2696. Let l be z(26). What is the highest common divisor of 376 and l?
94
Let d be 243 + 2 - (0 + (-17 - -9)). Let u be (366/(-3))/(2/(-1)). Suppose 5*q - d = 2*s, -3*q + u = 5*s - 66. What is the greatest common divisor of 294 and q?
49
Let o = 10088 - 10048. Calculate the highest common factor of o and 41320.
40
Suppose -5*m - 4*m = 0. Suppose 5*g - 9*g + 64 = m. Suppose 7*w - g = 54. What is the greatest common divisor of 110 and w?
10
Suppose 61*l + 506 = 83*l. What is the highest common factor of 1380 and l?
23
Let s(h) = -2*h - 17. Let p be s(-11). Suppose 0 = 3*o + p*o + 256. Let q be 28/(-14)*(o + 0). What is the highest common divisor of 160 and q?
32
Let a be 5*88*-28*21/(-336). Calculate the greatest common divisor of 715 and a.
55
Let f be 248/18 + (-4)/(-18). Suppose 11*v = 88*v - 4*v - 5110. Calculate the highest common factor of v and f.
14
Suppose -5*m - 66*s + 71*s = -1065, -m - 4*s + 198 = 0. What is the highest common divisor of 336 and m?
42
Suppose -2*p - 1 = -5, -i = -2*p + 51. Let y be 2*2 - (i + 50). What is the greatest common factor of y and 13?
1
Let v be 179 + 5/(-20)*4. Let b = v + 46. Calculate the greatest common divisor of 84 and b.
28
Let i(m) = -430*m + 573. Let d be i(-3). Calculate the greatest common factor of 324 and d.
81
Let w = 1027 + -856. Calculate the greatest common factor of w and 27.
9
Let b(k) = -6*k**2 + 62*k + 4. Suppose 0 = -22*j + 12*j + 80. Let l be b(j). Calculate the highest common factor of 174 and l.
58
Let x(v) = 3*v**3 - 24*v**2 + 47*v + 28. Let k be x(7). Calculate the highest common factor of k and 480.
30
Let n = 91 + -335. Let a = 262 + n. What is the greatest common divisor of a and 81?
9
Suppose -5*k = 5*i - 665, -68*i + 63*i + k = -623. Calculate the highest common factor of i and 486.
18
Let z = 46 - 28. Let c = 23 + 184. Let a = -189 + c. What is the greatest common divisor of z and a?
18
Let d be 3 + (-13)/((-65)/(-1225)). Let l = 129 - d. Calculate the highest common factor of l and 106.
53
Let t be (2/(7 + -5 + 0))/((-3)/(-105120)). Calculate the greatest common divisor of t and 12.
12
Let u be (-3059)/35 + -1 - 2/(-5). Let l be 12/44 - 3936/u. What is the highest common factor of l and 1215?
45
Suppose 1153*z + 480 = 1193*z. Calculate the greatest common factor of z and 8022.
6
Suppose 122*t - 60099 - 72690 + 45803 = 0. Calculate the highest common divisor of t and 207.
23
Let x be 7 + -1 - (-2)/(-1). Suppose 0 = -d - 3*h - 7 - 24, -x*h + 10 = -d. Let b = d + 70. What is the highest common divisor of 16 and b?
16
Suppose -2*b + 157 = v, v = -3*b + 126 + 108. Suppose g = -3*g + 44. Calculate the highest common divisor of g and b.
11
Suppose 4*f = 8*f + 8. Let t be (-89 - 8/f)/(-1). Let b = t - -146. What is the greatest common factor of 21 and b?
21
Suppose 2*o = -u - 122, u - 264 = 3*u - o. Let j be (84/(-105))/((-1)/(u/(-4))). Suppose 0 = -4*r + 72 + 292. Calculate the greatest common divisor of j and r.
13
Let s(q) = 17*q - 2. Let i be s(6). Let o be 6435/(-10) - 36/(-8). Let a = -599 - o. Calculate the highest common factor of a and i.
20
Suppose -4*x - x + 30 = 0. Suppose y + 0*y - x = 0. Let p be (-24)/10*180/(-24). What is the greatest common factor of y and p?
6
Let o be (-5 + 7)/(1*2)*4. Suppose -o*a = -6*a + 504. Let p be a/(-49)*(-42)/4. What is the highest common factor of 108 and p?
54
Suppose 0 = -3*k + 26 - 8. Suppose 24*o - 1680 = -k*o. Suppose -4*w - 4 - 8 = 0, 3*r - 30 = 2*w. Calculate the greatest common factor of o and r.
8
Suppose y - 6*y + 25 = 0, -2*y + 101602 = 4*m. Calculate the highest common divisor of m and 166.
166
Suppose 2*x + 3*p - 13 = 0, 3*x + p + p - 7 = 0. Let a be (-1)/((7/9)/(-7)) - x. Let h = 207 - 137. What is the highest common divisor of h and a?
10
Let z(p) = -p**2 - 53*p + 2264. Let l be z(0). Calculate the greatest common factor of l and 24.
8
Let c(o) = -14*o - 23. Let f = -41 - -48. Let z be 26/(-2) - (-21)/f. Let k be c(z). Calculate the highest common divisor of 13 and k.
13
Suppose -1661*z + 1655*z = -624. Let w(d) = -d**2 - 14*d - 3. Let i be w(-10). Let s be i/3 + (-2)/(-3). What is the highest common factor of s and z?
13
Let y = 3691 - 3493. What is the highest common divisor of 1166 and y?
22
Let w = 137207 + -137067. Suppose -560 = -3*x - 2*x. What is the greatest common factor of w and x?
28
Suppose 0 = 2*d + 4*b - 198, -12*d + 3*b + 69 = -11*d. Calculate the highest common factor of 4495 and d.
29
Let n(w) = w**3 + 2 - 8*w + 1 + 12*w**2 - 9. Let p be n(-12). Let z be (2/7)/((-14)/(-490)). What is the highest common factor of p and z?
10
Let z(n) = -5*n + 1. Let r be z(1). Let q be 6 + -2 + r/2. Suppose -658*a - 1364 = -720*a. What is the greatest common divisor of a and q?
2
Suppose 136*n - 7002 = 127*n. Suppose 4*o + 5*z = 1031, -o - z = -4*o + n. What is the greatest common factor of 14 and o?
7
Suppose z + 108 = 5*z. Let s(v) = v**2 + 59*v + 477. Let c be s(-50). Calculate the greatest common factor of c and z.
27
Suppose 1228 - 145 = 3*j. Let l = -186 + j. Let t be -2*(-2)/(-5)*l/(-5). Calculate the greatest common divisor of 252 and t.
28
Let a = -6 - -8. Let o = 2949 + -2946. Suppose -o*f + a*f = -3*v + 28, -4*v - f = -28. What is the greatest common divisor of 88 and v?
8
Let o(p) = -3*p + 2. Let u be o(-6). Let t be (-184)/69*6/(-4). Suppose 2*q + t*d + 21 = 65, d = q - 19. What is the highest common factor of q and u?
20
Let p = 1446 - 1413. What is the greatest common factor of 77 and p?
11
Let d be (3/(-5))/(7/(-70)). Let y = -81 - -64. Let u(o) = -o**3 - 17*o**2 - o + 37. Let r be u(y). What is the greatest common divisor of d and r?
6
Let u = -277 - -836. Calculate the highest common divisor of u and 13.
13
Let r(j) = 20*j**2 - 62*j - 114. Let q(u) = -14*u**2 + 41*u + 76. Let t(f) = 7*q(f) + 5*r(f). Let y be t(-2). What is the highest common divisor of y and 64?
16
Suppose 3*f + 5*n = -343, 3*f - 3*n = 8*f + 593. Let r = 142 + f. Calculate the greatest common factor of 21 and r.
21
Let q(s) = -2*s**3 + 2*s**2 - 18*s - 54. Let i be q(-12). Calculate the greatest common factor of i and 126.
126
Let i(r) = 84*r - 435. Let j be i(12). Let t = 612 - j. Let a(q) = q**2 - 3. Let b be a(4). Calculate the highest common factor of b and t.
13
Let q be -4*(-5)/(-240) + 1435769/204. Calculate the highest common divisor of 136 and q.
34
Let t = 1513 - 1483. Let l be 6